[INFO] cloning repository https://github.com/rifatshahriyar/rustgc
[INFO] running `Command { std: "git" "-c" "credential.helper=" "-c" "credential.helper=/workspace/cargo-home/bin/git-credential-null" "clone" "--bare" "https://github.com/rifatshahriyar/rustgc" "/workspace/cache/git-repos/https%3A%2F%2Fgithub.com%2Frifatshahriyar%2Frustgc", kill_on_drop: false }`
[INFO] [stderr] Cloning into bare repository '/workspace/cache/git-repos/https%3A%2F%2Fgithub.com%2Frifatshahriyar%2Frustgc'...
[INFO] running `Command { std: "git" "rev-parse" "HEAD", kill_on_drop: false }`
[INFO] [stdout] e668f2edc23485920288920976a3f79a6261f54c
[INFO] checking rifatshahriyar/rustgc against master#cfbc6d4cf1acbac5c025acf8ed68929caa551df3 for pr-75494-beta
[INFO] running `Command { std: "git" "clone" "/workspace/cache/git-repos/https%3A%2F%2Fgithub.com%2Frifatshahriyar%2Frustgc" "/workspace/builds/worker-1/source", kill_on_drop: false }`
[INFO] [stderr] Cloning into '/workspace/builds/worker-1/source'...
[INFO] [stderr] done.
[INFO] validating manifest of git repo https://github.com/rifatshahriyar/rustgc on toolchain cfbc6d4cf1acbac5c025acf8ed68929caa551df3
[INFO] running `Command { std: "/workspace/cargo-home/bin/cargo" "+cfbc6d4cf1acbac5c025acf8ed68929caa551df3" "read-manifest" "--manifest-path" "Cargo.toml", kill_on_drop: false }`
[INFO] started tweaking git repo https://github.com/rifatshahriyar/rustgc
[INFO] finished tweaking git repo https://github.com/rifatshahriyar/rustgc
[INFO] tweaked toml for git repo https://github.com/rifatshahriyar/rustgc written to /workspace/builds/worker-1/source/Cargo.toml
[INFO] crate git repo https://github.com/rifatshahriyar/rustgc already has a lockfile, it will not be regenerated
[INFO] running `Command { std: "/workspace/cargo-home/bin/cargo" "+cfbc6d4cf1acbac5c025acf8ed68929caa551df3" "fetch" "--locked" "--manifest-path" "Cargo.toml", kill_on_drop: false }`
[INFO] [stderr]     Updating git repository `https://github.com/alexcrichton/gcc-rs`
[INFO] [stderr]     Blocking waiting for file lock on package cache
[INFO] running `Command { std: "docker" "create" "-v" "/var/lib/crater-agent-workspace/builds/worker-1/target:/opt/rustwide/target:rw,Z" "-v" "/var/lib/crater-agent-workspace/builds/worker-1/source:/opt/rustwide/workdir:ro,Z" "-v" "/var/lib/crater-agent-workspace/cargo-home:/opt/rustwide/cargo-home:ro,Z" "-v" "/var/lib/crater-agent-workspace/rustup-home:/opt/rustwide/rustup-home:ro,Z" "-e" "SOURCE_DIR=/opt/rustwide/workdir" "-e" "CARGO_TARGET_DIR=/opt/rustwide/target" "-e" "CARGO_HOME=/opt/rustwide/cargo-home" "-e" "RUSTUP_HOME=/opt/rustwide/rustup-home" "-w" "/opt/rustwide/workdir" "-m" "1610612736" "--user" "0:0" "--network" "none" "rustops/crates-build-env@sha256:a636fd89d022f18117e1dc8fb37a0a009933cdbbe082814857f0e2024962d47c" "/opt/rustwide/cargo-home/bin/cargo" "+cfbc6d4cf1acbac5c025acf8ed68929caa551df3" "metadata" "--no-deps" "--format-version=1", kill_on_drop: false }`
[INFO] [stdout] 91834afa0db615e2811da3b3025d22e051f3027fcb3694ce986f22d2e6f0c282
[INFO] [stderr] WARNING: Your kernel does not support swap limit capabilities or the cgroup is not mounted. Memory limited without swap.
[INFO] running `Command { std: "docker" "start" "-a" "91834afa0db615e2811da3b3025d22e051f3027fcb3694ce986f22d2e6f0c282", kill_on_drop: false }`
[INFO] running `Command { std: "docker" "inspect" "91834afa0db615e2811da3b3025d22e051f3027fcb3694ce986f22d2e6f0c282", kill_on_drop: false }`
[INFO] running `Command { std: "docker" "rm" "-f" "91834afa0db615e2811da3b3025d22e051f3027fcb3694ce986f22d2e6f0c282", kill_on_drop: false }`
[INFO] [stdout] 91834afa0db615e2811da3b3025d22e051f3027fcb3694ce986f22d2e6f0c282
[INFO] running `Command { std: "docker" "create" "-v" "/var/lib/crater-agent-workspace/builds/worker-1/target:/opt/rustwide/target:rw,Z" "-v" "/var/lib/crater-agent-workspace/builds/worker-1/source:/opt/rustwide/workdir:ro,Z" "-v" "/var/lib/crater-agent-workspace/cargo-home:/opt/rustwide/cargo-home:ro,Z" "-v" "/var/lib/crater-agent-workspace/rustup-home:/opt/rustwide/rustup-home:ro,Z" "-e" "SOURCE_DIR=/opt/rustwide/workdir" "-e" "CARGO_TARGET_DIR=/opt/rustwide/target" "-e" "CARGO_INCREMENTAL=0" "-e" "RUST_BACKTRACE=full" "-e" "RUSTFLAGS=--cap-lints=forbid" "-e" "CARGO_HOME=/opt/rustwide/cargo-home" "-e" "RUSTUP_HOME=/opt/rustwide/rustup-home" "-w" "/opt/rustwide/workdir" "-m" "1610612736" "--user" "0:0" "--network" "none" "rustops/crates-build-env@sha256:a636fd89d022f18117e1dc8fb37a0a009933cdbbe082814857f0e2024962d47c" "/opt/rustwide/cargo-home/bin/cargo" "+cfbc6d4cf1acbac5c025acf8ed68929caa551df3" "check" "--frozen" "--all" "--all-targets" "--message-format=json", kill_on_drop: false }`
[INFO] [stdout] 2d832cf0f772e7ceb209cf76ae338d90373d48eec3bc2b764588857bafb68bd2
[INFO] [stderr] WARNING: Your kernel does not support swap limit capabilities or the cgroup is not mounted. Memory limited without swap.
[INFO] running `Command { std: "docker" "start" "-a" "2d832cf0f772e7ceb209cf76ae338d90373d48eec3bc2b764588857bafb68bd2", kill_on_drop: false }`
[INFO] [stderr]    Compiling winapi-build v0.1.1
[INFO] [stderr]     Checking winapi v0.2.8
[INFO] [stderr]    Compiling gcc v0.3.36 (https://github.com/alexcrichton/gcc-rs#7ee31b17)
[INFO] [stderr]     Checking log v0.3.6
[INFO] [stderr]    Compiling kernel32-sys v0.2.2
[INFO] [stderr]     Checking fs2 v0.2.5
[INFO] [stderr]     Checking time v0.1.35
[INFO] [stderr]     Checking aligned_alloc v0.1.2
[INFO] [stderr]     Checking memmap v0.2.3
[INFO] [stderr]    Compiling immix_rust v0.0.1 (/opt/rustwide/workdir)
[INFO] [stderr]     Checking simple_logger v0.4.0
[INFO] [stderr] The following warnings were emitted during compilation:
[INFO] [stderr] 
[INFO] [stderr] warning: src/heap/gc/clib_x64.c: In function 'malloc_zero':
[INFO] [stderr] warning: src/heap/gc/clib_x64.c:6:5: warning: implicit declaration of function 'memset' [-Wimplicit-function-declaration]
[INFO] [stderr] warning:     6 |     memset(ret, 0, size);
[INFO] [stderr] warning:       |     ^~~~~~
[INFO] [stderr] warning: src/heap/gc/clib_x64.c:6:5: warning: incompatible implicit declaration of built-in function 'memset'
[INFO] [stderr] warning: src/heap/gc/clib_x64.c:3:1: note: include '<string.h>' or provide a declaration of 'memset'
[INFO] [stderr] warning:     2 | #include <stdlib.h>
[INFO] [stderr] warning:   +++ |+#include <string.h>
[INFO] [stderr] warning:     3 | 
[INFO] [stderr] warning: ar: `u' modifier ignored since `D' is the default (see `U')
[INFO] [stderr] warning: src/common/perf.c:1:10: fatal error: perfmon/pfmlib_perf_event.h: No such file or directory
[INFO] [stderr] warning:     1 | #include <perfmon/pfmlib_perf_event.h>
[INFO] [stderr] warning:       |          ^~~~~~~~~~~~~~~~~~~~~~~~~~~~~
[INFO] [stderr] warning: compilation terminated.
[INFO] [stderr] 
[INFO] [stderr] error: failed to run custom build command for `immix_rust v0.0.1 (/opt/rustwide/workdir)`
[INFO] [stderr] 
[INFO] [stderr] Caused by:
[INFO] [stderr]   process didn't exit successfully: `/opt/rustwide/target/debug/build/immix_rust-f6008f450b9f8278/build-script-build` (exit code: 101)
[INFO] [stderr]   --- stdout
[INFO] [stderr]   TARGET = Some("x86_64-unknown-linux-gnu")
[INFO] [stderr]   OPT_LEVEL = Some("0")
[INFO] [stderr]   PROFILE = Some("debug")
[INFO] [stderr]   TARGET = Some("x86_64-unknown-linux-gnu")
[INFO] [stderr]   debug=true opt-level=0
[INFO] [stderr]   HOST = Some("x86_64-unknown-linux-gnu")
[INFO] [stderr]   TARGET = Some("x86_64-unknown-linux-gnu")
[INFO] [stderr]   TARGET = Some("x86_64-unknown-linux-gnu")
[INFO] [stderr]   HOST = Some("x86_64-unknown-linux-gnu")
[INFO] [stderr]   CC_x86_64-unknown-linux-gnu = None
[INFO] [stderr]   CC_x86_64_unknown_linux_gnu = None
[INFO] [stderr]   HOST_CC = None
[INFO] [stderr]   CC = None
[INFO] [stderr]   HOST = Some("x86_64-unknown-linux-gnu")
[INFO] [stderr]   TARGET = Some("x86_64-unknown-linux-gnu")
[INFO] [stderr]   HOST = Some("x86_64-unknown-linux-gnu")
[INFO] [stderr]   CFLAGS_x86_64-unknown-linux-gnu = None
[INFO] [stderr]   CFLAGS_x86_64_unknown_linux_gnu = None
[INFO] [stderr]   HOST_CFLAGS = None
[INFO] [stderr]   CFLAGS = None
[INFO] [stderr]   running: "cc" "-O0" "-ffunction-sections" "-fdata-sections" "-g" "-m64" "-fPIC" "-o" "/opt/rustwide/target/debug/build/immix_rust-863436029daee06a/out/src/heap/gc/clib_x64.o" "-c" "src/heap/gc/clib_x64.c"
[INFO] [stderr]   cargo:warning=src/heap/gc/clib_x64.c: In function 'malloc_zero':
[INFO] [stderr]   cargo:warning=src/heap/gc/clib_x64.c:6:5: warning: implicit declaration of function 'memset' [-Wimplicit-function-declaration]
[INFO] [stderr]   cargo:warning=    6 |     memset(ret, 0, size);
[INFO] [stderr]   cargo:warning=      |     ^~~~~~
[INFO] [stderr]   cargo:warning=src/heap/gc/clib_x64.c:6:5: warning: incompatible implicit declaration of built-in function 'memset'
[INFO] [stderr]   cargo:warning=src/heap/gc/clib_x64.c:3:1: note: include '<string.h>' or provide a declaration of 'memset'
[INFO] [stderr]   cargo:warning=    2 | #include <stdlib.h>
[INFO] [stderr]   cargo:warning=  +++ |+#include <string.h>
[INFO] [stderr]   cargo:warning=    3 | 
[INFO] [stderr]   ExitStatus(ExitStatus(0))
[INFO] [stderr]   TARGET = Some("x86_64-unknown-linux-gnu")
[INFO] [stderr]   TARGET = Some("x86_64-unknown-linux-gnu")
[INFO] [stderr]   HOST = Some("x86_64-unknown-linux-gnu")
[INFO] [stderr]   AR_x86_64-unknown-linux-gnu = None
[INFO] [stderr]   AR_x86_64_unknown_linux_gnu = None
[INFO] [stderr]   HOST_AR = None
[INFO] [stderr]   AR = None
[INFO] [stderr]   TARGET = Some("x86_64-unknown-linux-gnu")
[INFO] [stderr]   TARGET = Some("x86_64-unknown-linux-gnu")
[INFO] [stderr]   running: "ar" "crus" "/opt/rustwide/target/debug/build/immix_rust-863436029daee06a/out/libgc_clib_x64.a" "/opt/rustwide/target/debug/build/immix_rust-863436029daee06a/out/src/heap/gc/clib_x64.o"
[INFO] [stderr]   cargo:warning=ar: `u' modifier ignored since `D' is the default (see `U')
[INFO] [stderr]   ExitStatus(ExitStatus(0))
[INFO] [stderr]   cargo:rustc-link-lib=static=gc_clib_x64
[INFO] [stderr]   cargo:rustc-link-search=native=/opt/rustwide/target/debug/build/immix_rust-863436029daee06a/out
[INFO] [stderr]   TARGET = Some("x86_64-unknown-linux-gnu")
[INFO] [stderr]   OPT_LEVEL = Some("0")
[INFO] [stderr]   PROFILE = Some("debug")
[INFO] [stderr]   TARGET = Some("x86_64-unknown-linux-gnu")
[INFO] [stderr]   debug=true opt-level=0
[INFO] [stderr]   HOST = Some("x86_64-unknown-linux-gnu")
[INFO] [stderr]   TARGET = Some("x86_64-unknown-linux-gnu")
[INFO] [stderr]   TARGET = Some("x86_64-unknown-linux-gnu")
[INFO] [stderr]   HOST = Some("x86_64-unknown-linux-gnu")
[INFO] [stderr]   CC_x86_64-unknown-linux-gnu = None
[INFO] [stderr]   CC_x86_64_unknown_linux_gnu = None
[INFO] [stderr]   HOST_CC = None
[INFO] [stderr]   CC = None
[INFO] [stderr]   HOST = Some("x86_64-unknown-linux-gnu")
[INFO] [stderr]   TARGET = Some("x86_64-unknown-linux-gnu")
[INFO] [stderr]   HOST = Some("x86_64-unknown-linux-gnu")
[INFO] [stderr]   CFLAGS_x86_64-unknown-linux-gnu = None
[INFO] [stderr]   CFLAGS_x86_64_unknown_linux_gnu = None
[INFO] [stderr]   HOST_CFLAGS = None
[INFO] [stderr]   CFLAGS = None
[INFO] [stderr]   running: "cc" "-O0" "-ffunction-sections" "-fdata-sections" "-g" "-m64" "-fPIC" "-lpfm" "-O3" "-o" "/opt/rustwide/target/debug/build/immix_rust-863436029daee06a/out/src/common/perf.o" "-c" "src/common/perf.c"
[INFO] [stderr]   cargo:warning=src/common/perf.c:1:10: fatal error: perfmon/pfmlib_perf_event.h: No such file or directory
[INFO] [stderr]   cargo:warning=    1 | #include <perfmon/pfmlib_perf_event.h>
[INFO] [stderr]   cargo:warning=      |          ^~~~~~~~~~~~~~~~~~~~~~~~~~~~~
[INFO] [stderr]   cargo:warning=compilation terminated.
[INFO] [stderr]   ExitStatus(ExitStatus(256))
[INFO] [stderr] 
[INFO] [stderr] 
[INFO] [stderr]   command did not execute successfully, got: exit code: 1
[INFO] [stderr] 
[INFO] [stderr] 
[INFO] [stderr] 
[INFO] [stderr]   --- stderr
[INFO] [stderr]   thread 'main' panicked at 'explicit panic', /opt/rustwide/cargo-home/git/checkouts/gcc-rs-cd3269fb36fe9cfa/7ee31b1/src/lib.rs:952:5
[INFO] [stderr]   stack backtrace:
[INFO] [stderr]      0:     0x561ed10dccc5 - backtrace::backtrace::libunwind::trace::h5e2646fa3eddf2ea
[INFO] [stderr]                                  at /cargo/registry/src/github.com-1ecc6299db9ec823/backtrace-0.3.46/src/backtrace/libunwind.rs:86
[INFO] [stderr]      1:     0x561ed10dccc5 - backtrace::backtrace::trace_unsynchronized::hb95dd7f77ce47877
[INFO] [stderr]                                  at /cargo/registry/src/github.com-1ecc6299db9ec823/backtrace-0.3.46/src/backtrace/mod.rs:66
[INFO] [stderr]      2:     0x561ed10dccc5 - std::sys_common::backtrace::_print_fmt::h5e71b67af43fd70d
[INFO] [stderr]                                  at src/libstd/sys_common/backtrace.rs:78
[INFO] [stderr]      3:     0x561ed10dccc5 - <std::sys_common::backtrace::_print::DisplayBacktrace as core::fmt::Display>::fmt::hdb4a83d2b61107e5
[INFO] [stderr]                                  at src/libstd/sys_common/backtrace.rs:59
[INFO] [stderr]      4:     0x561ed1100c5c - core::fmt::write::ha20e7262fa3e8a7a
[INFO] [stderr]                                  at src/libcore/fmt/mod.rs:1076
[INFO] [stderr]      5:     0x561ed10d92c2 - std::io::Write::write_fmt::h1aebfe8a5a79e36d
[INFO] [stderr]                                  at src/libstd/io/mod.rs:1537
[INFO] [stderr]      6:     0x561ed10df280 - std::sys_common::backtrace::_print::h9c07314cc66ba539
[INFO] [stderr]                                  at src/libstd/sys_common/backtrace.rs:62
[INFO] [stderr]      7:     0x561ed10df280 - std::sys_common::backtrace::print::hd1fd65f49a2d8544
[INFO] [stderr]                                  at src/libstd/sys_common/backtrace.rs:49
[INFO] [stderr]      8:     0x561ed10df280 - std::panicking::default_hook::{{closure}}::h222da46485ab36fc
[INFO] [stderr]                                  at src/libstd/panicking.rs:198
[INFO] [stderr]      9:     0x561ed10defcc - std::panicking::default_hook::hc5868949d129ed00
[INFO] [stderr]                                  at src/libstd/panicking.rs:217
[INFO] [stderr]     10:     0x561ed10df8c3 - std::panicking::rust_panic_with_hook::h26a6ab8b0993c0c8
[INFO] [stderr]                                  at src/libstd/panicking.rs:526
[INFO] [stderr]     11:     0x561ed10bb849 - std::panicking::begin_panic::h89b2b5ebd411fdd7
[INFO] [stderr]                                  at /rustc/cfbc6d4cf1acbac5c025acf8ed68929caa551df3/src/libstd/panicking.rs:456
[INFO] [stderr]     12:     0x561ed10abb09 - gcc::fail::h2b4ae9338fe75c43
[INFO] [stderr]                                  at /opt/rustwide/cargo-home/git/checkouts/gcc-rs-cd3269fb36fe9cfa/7ee31b1/src/lib.rs:952
[INFO] [stderr]     13:     0x561ed10ab8ac - gcc::run::hcd52487b7031dc87
[INFO] [stderr]                                  at /opt/rustwide/cargo-home/git/checkouts/gcc-rs-cd3269fb36fe9cfa/7ee31b1/src/lib.rs:946
[INFO] [stderr]     14:     0x561ed10a2602 - gcc::Config::compile_object::h491eeea005639374
[INFO] [stderr]                                  at /opt/rustwide/cargo-home/git/checkouts/gcc-rs-cd3269fb36fe9cfa/7ee31b1/src/lib.rs:418
[INFO] [stderr]     15:     0x561ed10a1ef9 - gcc::Config::compile_objects::hbf2933de545705d4
[INFO] [stderr]                                  at /opt/rustwide/cargo-home/git/checkouts/gcc-rs-cd3269fb36fe9cfa/7ee31b1/src/lib.rs:388
[INFO] [stderr]     16:     0x561ed10a1518 - gcc::Config::compile::h319803e30d6e305d
[INFO] [stderr]                                  at /opt/rustwide/cargo-home/git/checkouts/gcc-rs-cd3269fb36fe9cfa/7ee31b1/src/lib.rs:353
[INFO] [stderr]     17:     0x561ed10a046f - build_script_build::main::h37870203d270fbb4
[INFO] [stderr]                                  at /opt/rustwide/workdir/build.rs:7
[INFO] [stderr]     18:     0x561ed10a034b - std::rt::lang_start::{{closure}}::h44a81562a6141f34
[INFO] [stderr]                                  at /rustc/cfbc6d4cf1acbac5c025acf8ed68929caa551df3/src/libstd/rt.rs:67
[INFO] [stderr]     19:     0x561ed10dfc93 - std::rt::lang_start_internal::{{closure}}::h84a998219831fa70
[INFO] [stderr]                                  at src/libstd/rt.rs:52
[INFO] [stderr]     20:     0x561ed10dfc93 - std::panicking::try::do_call::he8e1d689a3e26def
[INFO] [stderr]                                  at src/libstd/panicking.rs:348
[INFO] [stderr]     21:     0x561ed10dfc93 - std::panicking::try::h264b6eebc2fa7bbf
[INFO] [stderr]                                  at src/libstd/panicking.rs:325
[INFO] [stderr]     22:     0x561ed10dfc93 - std::panic::catch_unwind::hbf28fafa723b2128
[INFO] [stderr]                                  at src/libstd/panic.rs:394
[INFO] [stderr]     23:     0x561ed10dfc93 - std::rt::lang_start_internal::he959aa59bc3ec202
[INFO] [stderr]                                  at src/libstd/rt.rs:51
[INFO] [stderr]     24:     0x561ed10a0327 - std::rt::lang_start::h8b6eac0141928205
[INFO] [stderr]                                  at /rustc/cfbc6d4cf1acbac5c025acf8ed68929caa551df3/src/libstd/rt.rs:67
[INFO] [stderr]     25:     0x561ed10a04ca - main
[INFO] [stderr]     26:     0x7f3ae204a0b3 - __libc_start_main
[INFO] [stderr]     27:     0x561ed10a019e - _start
[INFO] [stderr]     28:                0x0 - <unknown>
[INFO] [stderr] warning: build failed, waiting for other jobs to finish...
[INFO] [stderr] error: build failed
[INFO] running `Command { std: "docker" "inspect" "2d832cf0f772e7ceb209cf76ae338d90373d48eec3bc2b764588857bafb68bd2", kill_on_drop: false }`
[INFO] running `Command { std: "docker" "rm" "-f" "2d832cf0f772e7ceb209cf76ae338d90373d48eec3bc2b764588857bafb68bd2", kill_on_drop: false }`
[INFO] [stdout] 2d832cf0f772e7ceb209cf76ae338d90373d48eec3bc2b764588857bafb68bd2
